06 and 574.
574
What is the greatest common factor of 360836 and 9702?
98
Calculate the highest common factor of 73440 and 319181256.
3672
What is the highest common divisor of 1271584543 and 19982?
9991
Calculate the highest common divisor of 1716737 and 15672.
653
Calculate the greatest common divisor of 8789381 and 76.
19
What is the highest common factor of 962096759 and 52?
13
What is the greatest common factor of 5589 and 3105621?
1863
What is the highest common factor of 198 and 95362?
2
What is the greatest common factor of 6 and 14068377?
3
What is the highest common divisor of 99584912 and 224?
112
Calculate the greatest common divisor of 7052 and 44157.
41
Calculate the greatest common divisor of 658438 and 49132.
346
What is the greatest common factor of 287133 and 263901?
363
What is the highest common factor of 25298 and 480844?
182
Calculate the greatest common factor of 1329904 and 848.
16
Calculate the highest common divisor of 8650 and 5411150.
50
Calculate the highest common divisor of 168 and 224342076.
84
Calculate the greatest common factor of 594616 and 350262.
638
Calculate the greatest common divisor of 38573 and 986.
17
Calculate the highest common factor of 46725804 and 67050.
2682
What is the greatest common divisor of 16150886 and 2150?
86
Calculate the greatest common factor of 212537 and 221.
13
Calculate the greatest common divisor of 2115 and 117570.
15
Calculate the greatest common factor of 405691458 and 74.
74
What is the greatest common factor of 1005675 and 1673475?
3975
What is the greatest common divisor of 6466 and 301523?
61
Calculate the greatest common divisor of 3377754 and 2982.
426
Calculate the highest common factor of 5925374 and 71981.
637
Calculate the greatest common factor of 5577 and 2132181909.
5577
What is the highest common factor of 4268 and 25914908?
388
What is the highest common divisor of 79424 and 745552?
272
Calculate the highest common divisor of 316319 and 390517.
23
Calculate the greatest common factor of 240 and 24362480.
80
Calculate the greatest common factor of 16312359 and 322.
161
Calculate the highest common factor of 4113 and 717219.
9
What is the highest common divisor of 548096 and 7424?
256
Calculate the greatest common divisor of 42804 and 1914372.
1476
What is the highest common factor of 5258262 and 5858?
202
What is the highest common factor of 1826 and 9809162?
22
What is the greatest common divisor of 801534 and 15486?
534
What is the greatest common divisor of 3544 and 2953481?
443
What is the greatest common factor of 51540357 and 33?
33
What is the highest common divisor of 19753956 and 6804?
972
Calculate the greatest common factor of 326757 and 67646.
149
Calculate the highest common divisor of 6622 and 1309049.
301
What is the highest common factor of 956 and 42084076?
956
Calculate the greatest common factor of 14000 and 861368.
8
What is the greatest common factor of 24970 and 144029230?
2270
Calculate the greatest common factor of 1125 and 114816375.
1125
What is the greatest common divisor of 7150 and 183590?
110
Calculate the greatest common divisor of 531 and 75317925.
177
What is the greatest common factor of 15601274 and 45214?
1222
Calculate the highest common factor of 38826 and 16478042.
1438
What is the highest common divisor of 543 and 39685336?
181
What is the highest common divisor of 49202 and 411574?
146
What is the highest common factor of 1394356 and 485500?
3884
What is the highest common factor of 222441265 and 15105?
5035
Calculate the greatest common divisor of 46831635 and 90.
45
Calculate the highest common divisor of 665 and 111536327.
133
Calculate the highest common divisor of 62727 and 87551.
29
What is the greatest common factor of 11675766 and 93081?
1311
Calculate the highest common factor of 190495 and 20305.
155
Calculate the highest common divisor of 169380 and 4220.
20
What is the highest common divisor of 10736 and 644648?
488
What is the highest common divisor of 120292 and 174147436?
7076
What is the highest common factor of 8375 and 13795375?
125
What is the greatest common divisor of 499465616 and 520?
104
What is the greatest common divisor of 18484668 and 688?
172
What is the greatest common factor of 9658 and 494813?
11
What is the greatest common divisor of 558426 and 462?
66
Calculate the highest common divisor of 35905 and 1199270.
215
Calculate the greatest common factor of 2682 and 1096031484.
2682
What is the highest common factor of 13363476 and 1176?
588
What is the greatest common divisor of 268 and 28024157?
67
Calculate the highest common divisor of 4501 and 33173.
7
What is the highest common factor of 604 and 8762832?
604
What is the highest common divisor of 215732 and 473?
11
Calculate the greatest common divisor of 430803 and 14230089.
1359
Calculate the greatest common factor of 33110 and 8030078.
602
What is the greatest common factor of 24458377 and 3477?
1159
What is the greatest common factor of 2155080 and 1560?
120
Calculate the highest common factor of 713 and 1486007.
23
Calculate the highest common factor of 78227 and 23975.
137
What is the highest common divisor of 501174247 and 7?
7
What is the greatest common factor of 13824370 and 1683346?
8722
Calculate the highest common divisor of 38 and 237674743.
19
Calculate the greatest common divisor of 259484 and 17.
1
Calculate the greatest common divisor of 7254113 and 3683.
127
Calculate the greatest common divisor of 36 and 58724802.
18
What is the highest common factor of 1433040 and 45?
15
What is the highest common divisor of 155200 and 2779200?
1600
Calculate the highest common divisor of 84889299 and 2893.
2893
What is the highest common divisor of 59682 and 606270?
42
Calculate the greatest common divisor of 6972 and 4837308.
84
Calculate the highest common divisor of 28461 and 1091184.
537
Calculate the greatest common divisor of 165 and 388635335.
55
Calculate the greatest common factor of 132 and 203147043.
33
Calculate the greatest common divisor of 125363 and 392.
7
What is the greatest common divisor of 1480533 and 129?
129
What is the greatest common divisor of 30418 and 98291?
227
Calculate the greatest common factor of 7 and 1459032.
1
Calculate the greatest common divisor of 88 and 3593370.
22
Calculate the greatest common factor of 148 and 6646606.
74
What is the highest common divisor of 11945 and 46925?
5
What is the highest common divisor of 44335800 and 1800?
1800
What is the highest common factor of 16646 and 639044?
406
Calculate the greatest common factor of 238386 and 6009.
3
What is the highest common divisor of 6192 and 2353132?
172
Calculate the highest common factor of 3365549 and 402435.
2981
Calculate the greatest common factor of 325 and 53209.
13
Calculate the highest common factor of 129768 and 64416.
24
Calculate the greatest common factor of 18848034 and 1692.
846
What is the highest common divisor of 13907632 and 476?
68
Calculate the greatest common divisor of 459999 and 239112.
729
What is the greatest common factor of 290101907 and 47?
47
What is the greatest common divisor of 64883 and 7895979?
2821
Calculate the greatest common divisor of 41596544 and 223696.
5456
Calculate the greatest common divisor of 16050 and 3207.
3
What is the highest common factor of 6 and 110076?
6
Calculate the highest common factor of 10 and 130181530.
10
What is the highest common factor of 431535 and 1053?
39
What is the highest common divisor of 188127 and 4635?
9
Calculate the greatest common factor of 3849 and 17211.
3
What is the highest common factor of 990122 and 3179974?
2758
Calculate the highest common factor of 70548245 and 345.
115
What is the highest common divisor of 490 and 61390?
70
What is the greatest common divisor of 167649 and 310575?
123
What is the greatest common factor of 9820 and 410570?
10
What is the greatest common factor of 2891587552 and 16?
16
Calculate the greatest common factor of 1089781 and 728.
7
Calculate the highest common divisor of 133445 and 180.
5
Calculate the greatest common factor of 65799 and 3528776.
2437
What is the highest common factor of 45 and 484677?
9
What is the highest common divisor of 62463 and 24487?
47
What is the greatest common factor of 966425 and 8